{"id":7,"date":"2022-03-07T09:47:16","date_gmt":"2022-03-07T09:47:16","guid":{"rendered":"https:\/\/institut33.at\/?page_id=7"},"modified":"2022-03-15T20:13:25","modified_gmt":"2022-03-15T20:13:25","slug":"home","status":"publish","type":"page","link":"https:\/\/institut33.at\/","title":{"rendered":"Home"},"content":{"rendered":"<div id=\"pl-7\"  class=\"panel-layout\" ><div id=\"pg-7-0\"  class=\"panel-grid panel-has-style\" ><div class=\"panel-row-style panel-row-style-for-7-0\" ><div id=\"pgc-7-0-0\"  class=\"panel-grid-cell\" ><div id=\"panel-7-0-0-0\" class=\"so-panel widget widget_sow-editor panel-first-child\" data-index=\"0\" ><div class=\"so-widget-sow-editor so-widget-sow-editor-base\">\n<div class=\"siteorigin-widget-tinymce textwidget\">\n\t<h2 style=\"text-align: center;\"><span style=\"color: #000080;\"><strong>Herzlich willkommen auf meiner Webpage!<\/strong><\/span><\/h2>\n<\/div>\n<\/div><\/div><div id=\"panel-7-0-0-1\" class=\"so-panel widget widget_sow-image\" data-index=\"1\" ><div class=\"so-widget-sow-image so-widget-sow-image-default-17bc2272b535-7\">\n\n<div class=\"sow-image-container\">\n\t\t<img decoding=\"async\" src=\"https:\/\/institut33.at\/wp-content\/uploads\/2022\/03\/Logo-Institut_2022-300x291.jpg\" width=\"300\" height=\"291\" srcset=\"https:\/\/institut33.at\/wp-content\/uploads\/2022\/03\/Logo-Institut_2022-300x291.jpg 300w, https:\/\/institut33.at\/wp-content\/uploads\/2022\/03\/Logo-Institut_2022.jpg 767w\" sizes=\"auto, (max-width: 300px) 100vw, 300px\" alt=\"\" loading=\"lazy\" \t\tclass=\"so-widget-image\"\/>\n\t<\/div>\n\n<\/div><\/div><div id=\"panel-7-0-0-2\" class=\"so-panel widget widget_sow-editor panel-last-child\" data-index=\"2\" ><div class=\"so-widget-sow-editor so-widget-sow-editor-base\">\n<div class=\"siteorigin-widget-tinymce textwidget\">\n\t<p><span style=\"color: #000080;\">Das ehemalige Institut 33 versteht sich heute als ein Netzwerk f\u00fcr Kinder, Eltern, Gro\u00dfeltern, LehrerInnen und Kinderg\u00e4rtnerInnen.<\/span><\/p>\n<p><span style=\"color: #000080;\">Das Netzwerk von C\u00e4cilia Brodesser hat das Ziel Kindern, Eltern und LehrerInnen, die aus den alten Strukturen ausbrechen wollen, Beratung und Begleitung zu geben, um neue alternative Wege zu finden und ein friedliches Miteinander zu schaffen.<\/span><\/p>\n<\/div>\n<\/div><\/div><\/div><\/div><\/div><\/div>","protected":false},"excerpt":{"rendered":"<p>Herzlich willkommen auf meiner Webpage! Das ehemalige Institut 33 versteht sich heute als ein Netzwerk f\u00fcr Kinder, Eltern, Gro\u00dfeltern, LehrerInnen und Kinderg\u00e4rtnerInnen. Das Netzwerk von C\u00e4cilia Brodesser hat das Ziel Kindern, Eltern und LehrerInnen, die aus den alten Strukturen ausbrechen wollen, Beratung und Begleitung zu geben, um neue alternative Wege zu finden und ein friedliches Miteinander zu schaffen.<\/p>\n","protected":false},"author":1,"featured_media":0,"parent":0,"menu_order":0,"comment_status":"closed","ping_status":"closed","template":"","meta":{"footnotes":""},"class_list":["post-7","page","type-page","status-publish","hentry"],"yoast_head":"<!-- This site is optimized with the Yoast SEO plugin v18.2 - https:\/\/yoast.com\/wordpress\/plugins\/seo\/ -->\n<title>Home - Netzwerk<\/title>\n<meta name=\"robots\" content=\"index, follow, max-snippet:-1, max-image-preview:large, max-video-preview:-1\" \/>\n<link rel=\"canonical\" href=\"https:\/\/institut33.at\/\" \/>\n<meta property=\"og:locale\" content=\"de_DE\" \/>\n<meta property=\"og:type\" content=\"article\" \/>\n<meta property=\"og:title\" content=\"Home - Netzwerk\" \/>\n<meta property=\"og:description\" content=\"Herzlich willkommen auf meiner Webpage! Das ehemalige Institut 33 versteht sich heute als ein Netzwerk f\u00fcr Kinder, Eltern, Gro\u00dfeltern, LehrerInnen und Kinderg\u00e4rtnerInnen. Das Netzwerk von C\u00e4cilia Brodesser hat das Ziel Kindern, Eltern und LehrerInnen, die aus den alten Strukturen ausbrechen wollen, Beratung und Begleitung zu geben, um neue alternative Wege zu finden und ein friedliches Miteinander zu schaffen.\" \/>\n<meta property=\"og:url\" content=\"https:\/\/institut33.at\/\" \/>\n<meta property=\"og:site_name\" content=\"Netzwerk\" \/>\n<meta property=\"article:modified_time\" content=\"2022-03-15T20:13:25+00:00\" \/>\n<meta name=\"twitter:card\" content=\"summary_large_image\" \/>\n<script type=\"application\/ld+json\" class=\"yoast-schema-graph\">{\"@context\":\"https:\/\/schema.org\",\"@graph\":[{\"@type\":\"WebSite\",\"@id\":\"https:\/\/institut33.at\/#website\",\"url\":\"https:\/\/institut33.at\/\",\"name\":\"Netzwerk\",\"description\":\"von C\u00e4cilia Brodesser\",\"potentialAction\":[{\"@type\":\"SearchAction\",\"target\":{\"@type\":\"EntryPoint\",\"urlTemplate\":\"https:\/\/institut33.at\/?s={search_term_string}\"},\"query-input\":\"required name=search_term_string\"}],\"inLanguage\":\"de\"},{\"@type\":\"WebPage\",\"@id\":\"https:\/\/institut33.at\/#webpage\",\"url\":\"https:\/\/institut33.at\/\",\"name\":\"Home - Netzwerk\",\"isPartOf\":{\"@id\":\"https:\/\/institut33.at\/#website\"},\"datePublished\":\"2022-03-07T09:47:16+00:00\",\"dateModified\":\"2022-03-15T20:13:25+00:00\",\"breadcrumb\":{\"@id\":\"https:\/\/institut33.at\/#breadcrumb\"},\"inLanguage\":\"de\",\"potentialAction\":[{\"@type\":\"ReadAction\",\"target\":[\"https:\/\/institut33.at\/\"]}]},{\"@type\":\"BreadcrumbList\",\"@id\":\"https:\/\/institut33.at\/#breadcrumb\",\"itemListElement\":[{\"@type\":\"ListItem\",\"position\":1,\"name\":\"Startseite\",\"item\":\"https:\/\/institut33.at\/\"},{\"@type\":\"ListItem\",\"position\":2,\"name\":\"Home\"}]}]}<\/script>\n<!-- \/ Yoast SEO plugin. -->","yoast_head_json":{"title":"Home - Netzwerk","robots":{"index":"index","follow":"follow","max-snippet":"max-snippet:-1","max-image-preview":"max-image-preview:large","max-video-preview":"max-video-preview:-1"},"canonical":"https:\/\/institut33.at\/","og_locale":"de_DE","og_type":"article","og_title":"Home - Netzwerk","og_description":"Herzlich willkommen auf meiner Webpage! Das ehemalige Institut 33 versteht sich heute als ein Netzwerk f\u00fcr Kinder, Eltern, Gro\u00dfeltern, LehrerInnen und Kinderg\u00e4rtnerInnen. Das Netzwerk von C\u00e4cilia Brodesser hat das Ziel Kindern, Eltern und LehrerInnen, die aus den alten Strukturen ausbrechen wollen, Beratung und Begleitung zu geben, um neue alternative Wege zu finden und ein friedliches Miteinander zu schaffen.","og_url":"https:\/\/institut33.at\/","og_site_name":"Netzwerk","article_modified_time":"2022-03-15T20:13:25+00:00","twitter_card":"summary_large_image","schema":{"@context":"https:\/\/schema.org","@graph":[{"@type":"WebSite","@id":"https:\/\/institut33.at\/#website","url":"https:\/\/institut33.at\/","name":"Netzwerk","description":"von C\u00e4cilia Brodesser","potentialAction":[{"@type":"SearchAction","target":{"@type":"EntryPoint","urlTemplate":"https:\/\/institut33.at\/?s={search_term_string}"},"query-input":"required name=search_term_string"}],"inLanguage":"de"},{"@type":"WebPage","@id":"https:\/\/institut33.at\/#webpage","url":"https:\/\/institut33.at\/","name":"Home - Netzwerk","isPartOf":{"@id":"https:\/\/institut33.at\/#website"},"datePublished":"2022-03-07T09:47:16+00:00","dateModified":"2022-03-15T20:13:25+00:00","breadcrumb":{"@id":"https:\/\/institut33.at\/#breadcrumb"},"inLanguage":"de","potentialAction":[{"@type":"ReadAction","target":["https:\/\/institut33.at\/"]}]},{"@type":"BreadcrumbList","@id":"https:\/\/institut33.at\/#breadcrumb","itemListElement":[{"@type":"ListItem","position":1,"name":"Startseite","item":"https:\/\/institut33.at\/"},{"@type":"ListItem","position":2,"name":"Home"}]}]}},"_links":{"self":[{"href":"https:\/\/institut33.at\/index.php?rest_route=\/wp\/v2\/pages\/7","targetHints":{"allow":["GET"]}}],"collection":[{"href":"https:\/\/institut33.at\/index.php?rest_route=\/wp\/v2\/pages"}],"about":[{"href":"https:\/\/institut33.at\/index.php?rest_route=\/wp\/v2\/types\/page"}],"author":[{"embeddable":true,"href":"https:\/\/institut33.at\/index.php?rest_route=\/wp\/v2\/users\/1"}],"replies":[{"embeddable":true,"href":"https:\/\/institut33.at\/index.php?rest_route=%2Fwp%2Fv2%2Fcomments&post=7"}],"version-history":[{"count":19,"href":"https:\/\/institut33.at\/index.php?rest_route=\/wp\/v2\/pages\/7\/revisions"}],"predecessor-version":[{"id":161,"href":"https:\/\/institut33.at\/index.php?rest_route=\/wp\/v2\/pages\/7\/revisions\/161"}],"wp:attachment":[{"href":"https:\/\/institut33.at\/index.php?rest_route=%2Fwp%2Fv2%2Fmedia&parent=7"}],"curies":[{"name":"wp","href":"https:\/\/api.w.org\/{rel}","templated":true}]}}